*r + 56. Let h be f(-12). Let m(p) = -2*p**3 - 32*p**2 + 31. Calculate the remainder when 58 is divided by m(h).
27
Calculate the remainder when 8 + 744/(-92) + 23744/92 is divided by 20.
18
Let p(u) = -u**3 + u - 2. Suppose 192 = 3*r - 3*f, 4*f + 306 = 14*r - 510. Calculate the remainder when r is divided by p(-3).
12
Suppose -14 = -4*b - 2, 5*c - 248 = 4*b. Suppose 56*g = c*g + 40. What is the remainder when g is divided by (-12)/14*(-1 + -6)?
4
Let w(b) = -3*b**3 - 5*b**2 + 35*b - 16. Calculate the remainder when w(-5) is divided by 26.
7
Suppose l = 19 - 4. Calculate the remainder when (-22)/(-55) - 866/(-10) is divided by l.
12
Let a be (-2*3/(-9))/((-1)/81). Let w = 158 + -47. Calculate the remainder when w is divided by (-4)/(8/52 + a/182).
27
Let r = 3 - -19. What is the remainder when (-243916)/(-748) - 10/(-11) is divided by r?
19
Let y = 55 + -51. Suppose 23 = r - y*c, 4*r - 9 = 3*c + 18. Suppose r*n + 7 = 16. What is the remainder when 5 is divided by n?
2
Let i(p) = p**2 + 15*p - 49. Let m be i(16). Let u = m + -424. What is the remainder when (-3)/12 - 354/(-8) is divided by u?
21
Let a = 126 + -90. Let j = 38 + -296. Let q = -253 - j. What is the remainder when a is divided by q?
1
Let y(k) = -14*k**3 - 4*k**2 + 171*k + 512. Calculate the remainder when y(-3) is divided by 155.
31
Let b be ((-6)/6)/((-11)/33). Suppose -b*r + 16 = s, 4*s - 1 = 15. Calculate the remainder when 263 is divided by r.
3
What is the remainder when 43 is divided by (124/(-186) - (-46)/42) + (-495)/(-21)?
19
Let m(r) = 2*r - 28. Suppose -2*v + 10 = -0*v - 4*h, v + 3*h - 25 = 0. Let d be m(v). What is the remainder when 56 is divided by (d/6)/(2/(-114))?
18
Suppose -3*r + g + 259 = 0, 0 = 5*r - 2*g - 149 - 282. What is the remainder when 1118 is divided by r?
74
Suppose q - 5*j + 16 = 61, 2*j - 17 = -q. Suppose 5*c - 35 - q = 0. Suppose -2*r - c = -3*r. Calculate the remainder when 21 is divided by r.
9
Suppose 31 = 2*y - s, -68 = -5*y - s - 8. Suppose 60 = y*g - 603. What is the remainder when g is divided by 13?
12
Let f(o) = -o**3 + 15*o**2 - 7*o + 16. Let x be f(14). Suppose -3*j + 5*g = -248, 0 = j - 4*g + 43 - x. What is the remainder when j is divided by 32?
27
Suppose 0 = -26*d + 21*d + 520. Suppose b = 30 - 11. Calculate the remainder when d is divided by b.
9
Let j = -97 - -93. Let u(b) = b**3 + 2*b**2 - 9*b + 3. What is the remainder when 54 is divided by u(j)?
5
Suppose 24 = 9*r - 5*r. Let s(f) = f**3 - 5*f**2 + f - 14. What is the remainder when 76 is divided by s(r)?
20
Suppose -10*m = d - 4*m - 69, -3*m - 378 = -5*d. Calculate the remainder when d is divided by 73.
2
Let t = -163 + 159. Calculate the remainder when t/8 + 295/10 is divided by 15.
14
Let c(y) = 770*y - 721. Calculate the remainder when 400 is divided by c(1).
8
Suppose -3*d + 3*x - 269 = -x, 2*x = -d - 83. Let w = 39 - 97. Let t = w - d. What is the remainder when t is divided by 16?
13
Let r be (57/(-1))/(1/(-1)). Let y = -29 + r. What is the remainder when ((-2865)/(-191) + 196/(-13))*-1027 is divided by y?
23
Let i = 15321 - 14696. Calculate the remainder when i is divided by 11.
9
Let s(o) = 10*o - 11*o**2 + 6*o**3 + 3*o**2 - 5 - 7*o**2 - 7*o**3 + 16. What is the remainder when s(-16) is divided by 37?
33
Let y = 5215 - 5182. Calculate the remainder when 422 is divided by y.
26
Calculate the remainder when 181 is divided by (-158)/1027 + 2 + 2*(-3243)/(-78).
11
Let d = -73 - -252. Let g = 223 - d. Calculate the remainder when g is divided by 17.
10
Let y = 14 - 72. Let o = -25 - y. Suppose -489 = 43*s - 1113 + 452. What is the remainder when o is divided by s?
1
What is the remainder when 2/(-11) - (6261/(-11) - 12) is divided by 98?
91
Suppose -6*o = o - 28. Suppose -4*a + 87 = -s - 5*a, -356 = 4*s - o*a. Let z = 96 + s. What is the remainder when 15 is divided by z?
7
Let r = -593 - -597. Suppose -3*k - 35 = -4*j, r*j - 16*k - 33 = -15*k. Calculate the remainder when 111 is divided by j.
7
Suppose -q + v + 1 = 3, -q + 2*v - 6 = 0. Suppose 5*p = 133 + 7. Let d = p - 26. Calculate the remainder when q is divided by d.
0
Let y = 13 - 7. Suppose 0 = -y*x + 48 + 48. What is the remainder when x is divided by 1/2*-2*-6?
4
Suppose -3*z - 4 = -16. Suppose x - 2 = 4*j, z = 5*x - 3*x. Suppose j = 3*y + 2*y - 125. Calculate the remainder when 47 is divided by y.
22
Suppose 0 = -g - g + 102 + 118. What is the remainder when 649 is divided by g?
99
Let t = 22 + -17. Suppose -f + 66 = t*a, -f + a + 36 = -4*a. Calculate the remainder when f is divided by 8.
3
Suppose 2280 = 2*p - 2*w, -p - w = w - 1155. Suppose -y - 2*h = -5*h - 210, -p = -5*y - 4*h. What is the remainder when y is divided by 57?
54
Suppose 11*s + 31*s = 170562. What is the remainder when s is divided by 16?
13
Let q = -1701 + 1707. Suppose s + 7 = 4*n, 10 = 4*n - 3*s + 5*s. Suppose -n*t = -t - 17. Calculate the remainder when t is divided by q.
5
Let z = -6 - -116. What is the remainder when z is divided by 198/(-792) + 117/4?
23
Suppose b - 4 = -5*o + 15, 4*b - 16 = -5*o. Suppose 0 = -o*f + 8*f - 16. Suppose d = -3*n + 2 + 9, 0 = -2*n + f. What is the remainder when 8 is divided by d?
3
Suppose -2*z = -30*r + 33*r - 651, 2*r = -4*z + 1298. Calculate the remainder when z is divided by 74.
28
Suppose -11 = -4*l + 5*r, -5*r = l - 318 + 284. What is the remainder when l is divided by 5?
4
Suppose 111*a + 2*n = 113*a - 486, 2*n + 735 = 3*a. Calculate the remainder when a is divided by 116.
17
Suppose 0 = 2*o + o + 2*q - 652, -4*o = -3*q - 858. Let v = 245 - o. What is the remainder when v is divided by 15?
14
Let i be (-1 + 484/6)/(2/(-6)). Let t = -224 - i. Calculate the remainder when 35 is divided by t.
5
Let h(n) = 4*n - 4. Suppose -3*p = -5*i - 660, -i + 4*i - 2*p = -395. Let g be 1/2 - i/30. What is the remainder when 27 is divided by h(g)?
11
Suppose 0 = 5*f - 3*f - 290. Calculate the remainder when f is divided by (-20 + 22)/(((-176)/275)/(-8)).
20
Calculate the remainder when 491 is divided by 7/1 + (29 - (16 - 22)).
29
Suppose 0 = -2*l + 31 + 29. Let g = 160 - 157. Suppose 5*c - 5*b - 282 = -7*b, g*c + 4*b = 172. Calculate the remainder when c is divided by l.
26
Let o = -62 + 78. Let d be (-1 + 0)/(-1) + 1 + 0. Suppose -d*r + 31 = -2*f + 5*f, -3*f + 30 = 3*r. What is the remainder when o is divided by f?
5
Suppose 386 - 845 = -25*w + 666. What is the remainder when 1796 is divided by w?
41
Let x(c) = -109*c + 760. Calculate the remainder when x(-2) is divided by 140.
138
Let h = 16 + -4. Suppose -4*s + 7*s = h. Suppose -4*z - 2*b = -43 - 41, -4*b = 0. What is the remainder when z is divided by s?
1
Suppose 12*l = 23 + 1. Suppose -3*v + 3 = -f - 0*v, 0 = l*f - 4*v - 2. Suppose 21 = 10*h - f*h. What is the remainder when 61 is divided by h?
19
Let k(p) = p**2 + 8*p + 20. Let c(m) = m**3 + 8*m**2 - 9*m + 2. Let r be c(-9). Suppose -237 = -5*s + r*s. Calculate the remainder when s is divided by k(-8).
19
Let w be (-2*(-21)/(-15))/(1/(-15)). Suppose 4*a - 10 + w = 0. Let b(t) = 2*t**2 + 2*t - 36. Calculate the remainder when b(a) is divided by 20.
16
Let d(f) = -26*f**3. Let r be d(-1). Let u = r - 26. Suppose u = -2*s - 0*a + a + 245, -3*s = 4*a - 373. What is the remainder when s is divided by 25?
23
Let r = -3184 + 4189. Calculate the remainder when r is divided by 112.
109
Suppose 3*d - 3*z - 27 = 0, 3*z + 26 + 11 = 5*d. Suppose d*y + 731 - 776 = 0. What is the remainder when 102 is divided by y?
3
Let j = 5133 - 4226. What is the remainder when j is divided by 47?
14
Suppose -91*o - 32*o + 7503 = 0. Calculate the remainder when 249 is divided by o.
5
Suppose 122 = 3*y - 10. Suppose z = -299261 + 299346. What is the remainder when z is divided by y?
41
Let m(d) be the second derivative of -23*d + 41/2*d**2 + 0 + 1/12*d**4 + 7/6*d**3. Calculate the remainder when m(-14) is divided by 47.
45
Let i = 397 - -66. Let x = i + -382. What is the remainder when x is divided by 29?
23
Let b = -3116 + 3608. What is the remainder when b is divided by 244?
4
Suppose -137*m - 106 = -175*m + 502. What is the remainder when 110 is divided by m?
14
Suppose 2*j - 4 = 12. Calculate the remainder when j is divided by (-6)/15 + (-6613)/(-1945).
2
Suppose 4*f + 6036 = 4*h, 4*h - 4*f = 5*h - 1504. What is the remainder when h is